 is divided by 262.
33
What is the remainder when 3716 is divided by 27?
17
What is the remainder when 1320 is divided by 63?
60
What is the remainder when 24 is divided by 4?
0
What is the remainder when 220 is divided by 37?
35
Calculate the remainder when 1166 is divided by 25.
16
What is the remainder when 2719 is divided by 80?
79
Calculate the remainder when 120 is divided by 42.
36
What is the remainder when 692 is divided by 53?
3
What is the remainder when 1383 is divided by 8?
7
Calculate the remainder when 164 is divided by 24.
20
Calculate the remainder when 1360 is divided by 664.
32
What is the remainder when 37 is divided by 20?
17
What is the remainder when 118 is divided by 38?
4
Calculate the remainder when 2631 is divided by 85.
81
What is the remainder when 166 is divided by 43?
37
What is the remainder when 1221 is divided by 178?
153
Calculate the remainder when 2104 is divided by 526.
0
Calculate the remainder when 1117 is divided by 32.
29
What is the remainder when 127 is divided by 23?
12
What is the remainder when 22576 is divided by 106?
104
What is the remainder when 67 is divided by 6?
1
What is the remainder when 2348 is divided by 87?
86
What is the remainder when 29014 is divided by 248?
246
Calculate the remainder when 120 is divided by 23.
5
What is the remainder when 2713 is divided by 97?
94
What is the remainder when 2922 is divided by 75?
72
Calculate the remainder when 2045 is divided by 11.
10
What is the remainder when 402 is divided by 15?
12
Calculate the remainder when 328 is divided by 33.
31
Calculate the remainder when 273 is divided by 232.
41
Calculate the remainder when 175 is divided by 59.
57
Calculate the remainder when 940 is divided by 138.
112
Calculate the remainder when 596 is divided by 251.
94
What is the remainder when 1728 is divided by 575?
3
Calculate the remainder when 3106 is divided by 74.
72
What is the remainder when 233 is divided by 39?
38
What is the remainder when 1249 is divided by 125?
124
What is the remainder when 5907 is divided by 160?
147
Calculate the remainder when 569 is divided by 177.
38
What is the remainder when 467 is divided by 47?
44
Calculate the remainder when 263 is divided by 120.
23
Calculate the remainder when 1228 is divided by 297.
40
What is the remainder when 178 is divided by 30?
28
Calculate the remainder when 67 is divided by 25.
17
What is the remainder when 535 is divided by 87?
13
Calculate the remainder when 223 is divided by 25.
23
What is the remainder when 123 is divided by 14?
11
Calculate the remainder when 626 is divided by 12.
2
What is the remainder when 203 is divided by 61?
20
What is the remainder when 768 is divided by 110?
108
Calculate the remainder when 4357 is divided by 78.
67
What is the remainder when 719 is divided by 194?
137
What is the remainder when 1014 is divided by 102?
96
Calculate the remainder when 1256 is divided by 90.
86
What is the remainder when 598 is divided by 119?
3
Calculate the remainder when 2280 is divided by 2271.
9
Calculate the remainder when 152 is divided by 79.
73
Calculate the remainder when 208 is divided by 10.
8
What is the remainder when 110 is divided by 108?
2
Calculate the remainder when 2932 is divided by 1464.
4
What is the remainder when 210 is divided by 73?
64
What is the remainder when 863 is divided by 429?
5
What is the remainder when 223 is divided by 212?
11
What is the remainder when 179 is divided by 10?
9
What is the remainder when 404 is divided by 41?
35
What is the remainder when 1116 is divided by 59?
54
Calculate the remainder when 346 is divided by 80.
26
What is the remainder when 1028 is divided by 79?
1
Calculate the remainder when 9294 is divided by 13.
12
What is the remainder when 576 is divided by 85?
66
Calculate the remainder when 78 is divided by 24.
6
Calculate the remainder when 4392 is divided by 26.
24
What is the remainder when 807 is divided by 45?
42
Calculate the remainder when 511 is divided by 25.
11
What is the remainder when 29 is divided by 10?
9
What is the remainder when 24 is divided by 10?
4
What is the remainder when 676 is divided by 225?
1
What is the remainder when 363 is divided by 275?
88
Calculate the remainder when 495 is divided by 62.
61
What is the remainder when 1467 is divided by 7?
4
What is the remainder when 486 is divided by 61?
59
What is the remainder when 4202 is divided by 263?
257
Calculate the remainder when 247 is divided by 44.
27
Calculate the remainder when 861 is divided by 89.
60
What is the remainder when 6157 is divided by 77?
74
Calculate the remainder when 149 is divided by 85.
64
What is the remainder when 68 is divided by 64?
4
What is the remainder when 1460 is divided by 14?
4
What is the remainder when 298 is divided by 23?
22
What is the remainder when 1511 is divided by 37?
31
What is the remainder when 3942 is divided by 17?
15
What is the remainder when 4170 is divided by 13?
10
What is the remainder when 2270 is divided by 16?
14
Calculate the remainder when 155 is divided by 50.
5
Calculate the remainder when 14719 is divided by 34.
31
Calculate the remainder when 2553 is divided by 151.
137
Calculate the remainder when 103 is divided by 53.
50
Calculate the remainder when 175 is divided by 89.
86
Calculate the remainder when 111 is divided by 99.
12
Calculate the remainder when 12418 is divided by 20.
18
What is the remainder when 280 is divided by 261?
19
Calculate the remainder when 270 is divided by 7.
4
What is the remainder when 142 is divided by 24?
22
What is the remainder when 206 is divided by 107?
99
Calculate the remainder when 559 is divided by 14.
13
What is the remainder when 10067 is divided by 106?
103
What is the remainder when 129 is divided by 75?
54
Calculate the remainder when 1471 is divided by 489.
4
Calculate the remainder when 359 is divided by 70.
9
Calculate the remainder when 116 is divided by 38.
2
Calculate the remainder when 256 is divided by 82.
10
What is the remainder when 12615 is divided by 83?
82
What is the remainder when 1926 is divided by 47?
46
Calculate the remainder when 1565 is divided by 159.
134
Calculate the remainder when 1617 is divided by 31.
5
Calculate the remainder when 84 is divided by 34.
16
Calculate the remainder when 125 is divided by 8.
5
Calculate the remainder when 218 is divided by 98.
22
What is the remainder when 122 is divided by 51?
20
Calculate the remainder when 145 is divided by 33.
13
Calculate the remainder when 1592 is divided by 28.
24
Calculate the remainder when 5310 is divided by 11.
8
What is the remainder when 2860 is divided by 130?
0
What is the remainder when 1742 is divided by 223?
181
Calculate the remainder when 267 is divided by 141.
126
Calculate the remainder when 84 is divided by 35.
14
Calculate the remainder when 5637 is divided by 141.
138
What is the remainder when 54 is divided by 20?
14
Calculate the remainder when 447 is divided by 115.
102
Calculate the remainder when 102 is divided by 51.
0
Calculate the remainder when 1449 is divided by 156.
45
What is the remainder when 17915 is divided by 17?
14
Calculate the remainder when 1115 is divided by 70.
65
What is the remainder when 4597 is divided by 21?
19
What is the remainder when 1583 is divided by 33?
32
Calculate the remainder when 7059 is divided by 66.
63
Calculate the remainder when 1441 is divided by 1438.
3
What is the remainder when 4243 is divided by 24?
19
What is the remainder when 543 is divided by 132?
15
What is the remainder when 115 is divided by 4?
3
What is the remainder when 2879 is divided by 24?
23
What is the remainder when 46 is divided by 9?
1
Calculate the remainder when 40 is divided by 6.
4
What is the remainder when 398 is divided by 79?
3
What is the remainder when 222 is divided by 38?
32
What is the remainder when 223 is divided by 9?
7
Calculate the remainder when 310 is divided by 43.
9
Calculate the remainder when 107 is divided by 55.
52
What is the remainder when 149 is divided by 6?
5
What is the remainder when 12 is divided by 4?
0
What is the remainder when 17832 is divided by 123?
120
Calculate the remainder when 815 is divided by 82.
77
What is the remainder when 28 is divided by 15?
13
What is the re